{"id":1170,"date":"2012-10-05T10:21:34","date_gmt":"2012-10-05T08:21:34","guid":{"rendered":"http:\/\/edcm.fr\/?page_id=5"},"modified":"2012-10-05T10:21:34","modified_gmt":"2012-10-05T08:21:34","slug":"accompagnement","status":"publish","type":"page","link":"https:\/\/coach-manager.eu\/?page_id=1170","title":{"rendered":"Accompagner"},"content":{"rendered":"<p>&nbsp;<\/p>\n<table style=\"width: 650px;\">\n<tbody>\n<tr>\n<td colspan=\"3\"><strong><em>Accompagner quelqu&rsquo;un, c&rsquo;est se placer ni devant, ni derri\u00e8re, ni \u00e0 la place. C&rsquo;est \u00eatre \u00e0 c\u00f4t\u00e9&#8230; (Joseph Templier)<\/em><\/strong><\/td>\n<\/tr>\n<tr>\n<td><a href=\"http:\/\/coach-manager.eu\/wp-content\/uploads\/2012\/10\/vtt_dev11.jpg\"><img loading=\"lazy\" decoding=\"async\" class=\"alignnone size-medium wp-image-1130\" src=\"http:\/\/coach-manager.eu\/wp-content\/uploads\/2012\/10\/vtt_dev11-300x200.jpg\" alt=\"Mountainbike Sprung\" width=\"300\" height=\"200\" srcset=\"https:\/\/coach-manager.eu\/wp-content\/uploads\/2012\/10\/vtt_dev11-300x200.jpg 300w, https:\/\/coach-manager.eu\/wp-content\/uploads\/2012\/10\/vtt_dev11.jpg 400w\" sizes=\"auto, (max-width: 300px) 100vw, 300px\" \/><\/a><\/td>\n<td colspan=\"2\">&nbsp;<\/p>\n<p>L&rsquo;accompagnement, ce n&rsquo;est pas un outil, mais une fa\u00e7on d&rsquo;utiliser les outils en coh\u00e9rence avec la volont\u00e9 de mon client.<\/p>\n<p>En fonction des n\u00e9cessit\u00e9s, il faudra plut\u00f4t :<\/p>\n<ul>\n<li>coacher,<\/li>\n<li>expertiser,<\/li>\n<li>former,<\/li>\n<li>conseiller,<\/li>\n<li>confronter,<\/li>\n<li>\u00eatre l\u00e0&#8230; ou pas l\u00e0&#8230;<\/li>\n<\/ul>\n<\/td>\n<\/tr>\n<tr>\n<td colspan=\"2\">Vous accompagner, c&rsquo;est vous permettre de faire<strong> votre chemin<\/strong> en toute <strong>s\u00e9curit\u00e9<\/strong>.<\/p>\n<p>C\u2019est utiliser les outils et m\u00e9thodes les plus adapt\u00e9es dans un seul but :<\/p>\n<p>vous permettre de trouver les meilleures <strong>solutions<\/strong> pour am\u00e9liorer le fonctionnement de votre entreprise\u00a0: <strong>les v\u00f4tres<\/strong>\u2026<\/td>\n<td><a href=\"http:\/\/coach-manager.eu\/wp-content\/uploads\/2012\/10\/projet1.jpg\"><img loading=\"lazy\" decoding=\"async\" class=\"alignnone size-medium wp-image-1131\" src=\"http:\/\/coach-manager.eu\/wp-content\/uploads\/2012\/10\/projet1-300x225.jpg\" alt=\"blueprint of the spaceship and its flight path\" width=\"300\" height=\"225\" srcset=\"https:\/\/coach-manager.eu\/wp-content\/uploads\/2012\/10\/projet1-300x225.jpg 300w, https:\/\/coach-manager.eu\/wp-content\/uploads\/2012\/10\/projet1.jpg 400w\" sizes=\"auto, (max-width: 300px) 100vw, 300px\" \/><\/a><\/td>\n<\/tr>\n<tr>\n<td colspan=\"2\"><strong>Accompagner, c&rsquo;est\u00a0 :<\/strong><\/p>\n<ul>\n<li>rompre la solitude, c&rsquo;est \u00eatre avec vous,<\/li>\n<li>ce n&rsquo;est pas vous tenir compagnie, c&rsquo;est vous permettre de faire,<\/li>\n<li>c\u2019est confronter avec objectivit\u00e9\u00a0et bienveillance,<\/li>\n<li>c\u2019est faire avec vous&#8230;<\/li>\n<\/ul>\n<p><strong>\u00catre accompagn\u00e9, c&rsquo;est\u00a0 :<\/strong><\/p>\n<ul>\n<li>pouvoir \u00e9changer librement, sans jugement,<\/li>\n<li>pouvoir tester ses id\u00e9es,<\/li>\n<li>c\u2019est prendre du temps pour vous,<\/li>\n<li>prendre du recul sur l&rsquo;organisation&#8230;<\/li>\n<li>c&rsquo;est \u00eatre certain que je ne vous laisserai jamais tomber<\/li>\n<\/ul>\n<\/td>\n<td>\u00a0<img loading=\"lazy\" decoding=\"async\" class=\"alignnone size-full wp-image-870\" src=\"http:\/\/coach-manager.eu\/wp-content\/uploads\/2014\/07\/Fotolia_56126417_XS-copie1.png\" alt=\"Fotolia_56126417_XS copie\" width=\"254\" height=\"283\" \/><\/td>\n<\/tr>\n<tr>\n<td colspan=\"3\">\u00a0<img loading=\"lazy\" decoding=\"async\" class=\"aligncenter wp-image-1141\" src=\"http:\/\/coach-manager.eu\/wp-content\/uploads\/2012\/10\/vtt_pano1-300x103.jpg\" alt=\"Cyclist in the mountains\" width=\"590\" height=\"204\" srcset=\"https:\/\/coach-manager.eu\/wp-content\/uploads\/2012\/10\/vtt_pano1-300x103.jpg 300w, https:\/\/coach-manager.eu\/wp-content\/uploads\/2012\/10\/vtt_pano1-600x207.jpg 600w, https:\/\/coach-manager.eu\/wp-content\/uploads\/2012\/10\/vtt_pano1-1024x353.jpg 1024w, https:\/\/coach-manager.eu\/wp-content\/uploads\/2012\/10\/vtt_pano1.jpg 1178w\" sizes=\"auto, (max-width: 590px) 100vw, 590px\" \/><\/td>\n<\/tr>\n<\/tbody>\n<\/table>\n<p>&nbsp;<\/p>\n","protected":false},"excerpt":{"rendered":"<p>&nbsp; Accompagner quelqu&rsquo;un, c&rsquo;est se placer ni devant, ni derri\u00e8re, ni \u00e0 la place. C&rsquo;est \u00eatre \u00e0 c\u00f4t\u00e9&#8230; (Joseph Templier) &nbsp; L&rsquo;accompagnement, ce n&rsquo;est pas un outil, mais une fa\u00e7on d&rsquo;utiliser les outils en coh\u00e9rence avec la volont\u00e9 de mon client. En fonction des n\u00e9cessit\u00e9s, il faudra plut\u00f4t : coacher,<a href=\"https:\/\/coach-manager.eu\/?page_id=1170\" class=\"read-more\">lire la suite&#8230;<\/a><\/p>\n","protected":false},"author":3,"featured_media":0,"parent":0,"menu_order":10,"comment_status":"closed","ping_status":"closed","template":"","meta":{"spay_email":"","footnotes":""},"class_list":["post-1170","page","type-page","status-publish","hentry"],"jetpack_shortlink":"https:\/\/wp.me\/P5fxaG-iS","jetpack_sharing_enabled":true,"_links":{"self":[{"href":"https:\/\/coach-manager.eu\/index.php?rest_route=\/wp\/v2\/pages\/1170","targetHints":{"allow":["GET"]}}],"collection":[{"href":"https:\/\/coach-manager.eu\/index.php?rest_route=\/wp\/v2\/pages"}],"about":[{"href":"https:\/\/coach-manager.eu\/index.php?rest_route=\/wp\/v2\/types\/page"}],"author":[{"embeddable":true,"href":"https:\/\/coach-manager.eu\/index.php?rest_route=\/wp\/v2\/users\/3"}],"replies":[{"embeddable":true,"href":"https:\/\/coach-manager.eu\/index.php?rest_route=%2Fwp%2Fv2%2Fcomments&post=1170"}],"version-history":[{"count":0,"href":"https:\/\/coach-manager.eu\/index.php?rest_route=\/wp\/v2\/pages\/1170\/revisions"}],"wp:attachment":[{"href":"https:\/\/coach-manager.eu\/index.php?rest_route=%2Fwp%2Fv2%2Fmedia&parent=1170"}],"curies":[{"name":"wp","href":"https:\/\/api.w.org\/{rel}","templated":true}]}}